is the highest common factor of 228536 and 356?
4
Calculate the greatest common divisor of 78 and 7040574.
6
Calculate the greatest common divisor of 468600 and 1260.
60
What is the greatest common divisor of 38133 and 9607509?
2007
What is the greatest common factor of 3168379 and 33643?
1979
What is the highest common factor of 1187796 and 696?
12
What is the highest common divisor of 1602180 and 92020?
860
Calculate the highest common factor of 2102 and 99392019.
1051
What is the highest common factor of 7 and 50291?
1
Calculate the greatest common divisor of 994233 and 24.
3
Calculate the highest common factor of 3729 and 24634.
113
What is the highest common factor of 1294678065 and 2110?
1055
Calculate the greatest common factor of 65065 and 183865.
55
What is the greatest common divisor of 2028870 and 2250?
90
What is the greatest common factor of 12 and 96687042?
6
Calculate the greatest common divisor of 756 and 2185708.
28
What is the greatest common divisor of 18 and 10056996?
18
What is the greatest common factor of 51 and 210967178?
17
Calculate the highest common factor of 189 and 2729097.
63
What is the greatest common factor of 88 and 3301342?
22
Calculate the greatest common divisor of 133552 and 33728.
272
What is the highest common divisor of 5198233 and 815?
163
What is the highest common factor of 27889240 and 10451?
1493
What is the greatest common divisor of 427 and 17768873?
61
What is the highest common divisor of 61735788 and 562532?
8396
What is the greatest common factor of 26 and 1798966?
26
What is the highest common factor of 342855 and 10322415?
855
What is the highest common divisor of 5229235 and 27603?
3067
Calculate the highest common factor of 136638961 and 101.
101
What is the greatest common divisor of 2528 and 14956912?
1264
Calculate the greatest common divisor of 69460888 and 2788.
164
Calculate the highest common factor of 126 and 309487388.
14
Calculate the greatest common factor of 50428939 and 395.
79
What is the highest common divisor of 145198840 and 711?
79
What is the highest common factor of 43102 and 95726?
46
What is the greatest common factor of 68609 and 3135133?
2983
Calculate the highest common divisor of 3697938 and 8064.
18
Calculate the highest common factor of 6405851 and 6957.
773
What is the greatest common factor of 8075963 and 1316?
329
Calculate the highest common divisor of 138684 and 25682748.
1092
Calculate the greatest common factor of 6942 and 5903014.
2314
What is the highest common factor of 13818 and 100874361?
987
What is the highest common divisor of 1219344513 and 4962?
2481
What is the highest common divisor of 6533276 and 116?
4
What is the highest common divisor of 28665 and 30682470?
1365
Calculate the greatest common divisor of 3468 and 18381267.
867
Calculate the highest common divisor of 540 and 11346840.
180
What is the highest common factor of 60256 and 113144?
8
Calculate the highest common factor of 856 and 24780558.
214
Calculate the greatest common divisor of 71008146 and 451.
451
What is the highest common divisor of 502968 and 270?
6
Calculate the highest common factor of 479971200 and 64.
64
What is the greatest common factor of 3757987 and 307?
307
Calculate the greatest common factor of 29 and 807142819.
29
What is the greatest common factor of 1095200 and 17900?
100
What is the highest common factor of 2412 and 1873856?
268
Calculate the greatest common divisor of 2052 and 636747.
57
Calculate the greatest common factor of 9812816 and 16999.
191
Calculate the highest common factor of 925 and 759905075.
925
What is the greatest common divisor of 55914 and 93?
3
What is the highest common factor of 1743686 and 30562?
826
Calculate the highest common factor of 40812 and 13464.
12
Calculate the highest common factor of 6015921 and 1236.
309
What is the highest common factor of 151979916 and 132?
132
Calculate the highest common factor of 410 and 9422080.
10
Calculate the highest common factor of 3573079 and 622.
311
What is the highest common factor of 14679 and 93200233?
1631
Calculate the highest common factor of 1074741405 and 657.
219
Calculate the highest common factor of 899506 and 235330.
202
Calculate the greatest common divisor of 48456 and 16792.
8
Calculate the highest common divisor of 163265953 and 5765.
1153
Calculate the highest common factor of 3519 and 141568197.
1173
Calculate the highest common divisor of 237932 and 156.
4
What is the highest common divisor of 233422 and 31444?
14
What is the highest common factor of 9407402 and 11742?
206
What is the highest common factor of 516396 and 34868?
92
What is the highest common divisor of 46169968 and 3016?
104
Calculate the highest common divisor of 369 and 683541.
9
What is the greatest common factor of 106 and 878882?
2
Calculate the highest common factor of 134 and 632817814.
134
Calculate the highest common factor of 436772 and 28.
28
What is the highest common factor of 116571309 and 3?
3
Calculate the greatest common divisor of 540 and 445580.
20
Calculate the highest common factor of 367434209 and 136.
17
What is the greatest common divisor of 3015 and 223981?
67
Calculate the greatest common divisor of 1004 and 28503058.
502
Calculate the highest common factor of 2104 and 16384.
8
Calculate the highest common factor of 24 and 2432046.
6
Calculate the greatest common factor of 4947 and 466150863.
4947
Calculate the greatest common divisor of 45653 and 43594.
71
What is the greatest common factor of 40596919 and 88?
11
Calculate the highest common divisor of 189867 and 15219.
57
What is the highest common factor of 1311788 and 101303?
1717
Calculate the greatest common factor of 4644 and 20202948.
1548
Calculate the greatest common factor of 61290360 and 54168.
1464
What is the greatest common factor of 1281 and 54335323?
427
Calculate the greatest common factor of 3026290 and 130.
10
Calculate the greatest common divisor of 1770340 and 110.
110
Calculate the highest common factor of 28478493 and 999.
999
What is the highest common factor of 297006 and 894?
6
What is the greatest common divisor of 1998 and 115938?
54
What is the highest common divisor of 646 and 17252?
38
Calculate the greatest common divisor of 196183 and 962.
13
What is the highest common factor of 392994 and 57645?
63
What is the highest common factor of 31242138 and 12?
6
Calculate the highest common factor of 4515680 and 2548.
52
Calculate the greatest common factor of 3578 and 35273713.
1789
What is the greatest common factor of 655 and 347823340?
655
Calculate the greatest common divisor of 3472108 and 693292.
1412
What is the highest common divisor of 644 and 60138192?
92
Calculate the highest common factor of 405 and 62806833.
81
What is the highest common factor of 55593 and 1430082?
1917
What is the greatest common factor of 2680 and 937866?
134
Calculate the highest common factor of 72372 and 154956.
444
Calculate the highest common divisor of 204 and 1862704212.
204
Calculate the greatest common factor of 1271 and 2406158.
31
Calculate the highest common factor of 20356857 and 321.
321
What is the greatest common factor of 1300 and 36916126?
26
What is the highest common divisor of 22162 and 146986?
14
Calculate the greatest common factor of 360529 and 1417.
13
Calculate the greatest common divisor of 25 and 5149115.
5
Calculate the greatest common divisor of 28910 and 33984000.
590
Calculate the greatest common divisor of 340 and 6230780.
20
What is the highest common factor of 7272034 and 1078?
154
What is the greatest common factor of 202807 and 163152?
1133
What is the highest common factor of 171535 and 17990?
35
What is the highest common factor of 30 and 124499580?
30
What is the greatest common factor of 2045 and 9959968?
409
What is the highest common divisor of 1939 and 167867?
7
What is the greatest common factor of 5742440 and 2560?
40
Calculate the highest common factor of 6380 and 2395777.
29
What is the greatest common factor of 696082 and 816?
34
What is the highest common divisor of 49444 and 2225243?
263
Calculate the highest common factor of 26630289 and 1134.
567
Calculate the greatest common divisor of 58 and 720923789.
29
What is the greatest common factor of 7708293 and 216?
